{"id":32,"date":"2025-09-14T12:29:12","date_gmt":"2025-09-14T12:29:12","guid":{"rendered":"https:\/\/joseaz.pe\/sitios\/?page_id=32"},"modified":"2025-10-11T14:43:07","modified_gmt":"2025-10-11T14:43:07","slug":"32-2","status":"publish","type":"page","link":"https:\/\/joseaz.pe\/sitios\/32-2\/","title":{"rendered":"principito"},"content":{"rendered":"\n<div class=\"wp-block-cover alignwide is-light\" style=\"margin-top:0;margin-bottom:0;padding-top:var(--wp--preset--spacing--80);padding-right:var(--wp--preset--spacing--80);padding-bottom:var(--wp--preset--spacing--80);padding-left:var(--wp--preset--spacing--80);min-height:618px;aspect-ratio:unset;\"><img decoding=\"async\" class=\"wp-block-cover__image-background\" alt=\"\" src=\"https:\/\/joseaz.pe\/bookigami\/principito\/img\/cabecera.gif\" data-object-fit=\"cover\"\/><span aria-hidden=\"true\" class=\"wp-block-cover__background has-background-dim-0 has-background-dim\"><\/span><div class=\"wp-block-cover__inner-container is-layout-flow wp-container-core-cover-is-layout-9ea856b7 wp-block-cover-is-layout-flow\">\n<div style=\"height:100px\" aria-hidden=\"true\" class=\"wp-block-spacer\"><\/div>\n<\/div><\/div>\n\n\n\n<div class=\"wp-block-cover alignwide is-light\" style=\"margin-top:0;padding-top:5vw;padding-right:13vw;padding-bottom:5vw;padding-left:13vw;min-height:1492px;aspect-ratio:unset;\"><img fetchpriority=\"high\" decoding=\"async\" width=\"1280\" height=\"1282\" class=\"wp-block-cover__image-background wp-image-15 size-full\" alt=\"fondo1\" src=\"https:\/\/joseaz.pe\/sitios\/wp-content\/uploads\/2025\/09\/fondo_intro.png\" data-object-fit=\"cover\" srcset=\"https:\/\/joseaz.pe\/sitios\/wp-content\/uploads\/2025\/09\/fondo_intro.png 1280w, https:\/\/joseaz.pe\/sitios\/wp-content\/uploads\/2025\/09\/fondo_intro-300x300.png 300w, https:\/\/joseaz.pe\/sitios\/wp-content\/uploads\/2025\/09\/fondo_intro-1022x1024.png 1022w, https:\/\/joseaz.pe\/sitios\/wp-content\/uploads\/2025\/09\/fondo_intro-150x150.png 150w, https:\/\/joseaz.pe\/sitios\/wp-content\/uploads\/2025\/09\/fondo_intro-768x769.png 768w, https:\/\/joseaz.pe\/sitios\/wp-content\/uploads\/2025\/09\/fondo_intro-500x501.png 500w, https:\/\/joseaz.pe\/sitios\/wp-content\/uploads\/2025\/09\/fondo_intro-800x801.png 800w\" sizes=\"(max-width: 1280px) 100vw, 1280px\" \/><span aria-hidden=\"true\" class=\"wp-block-cover__background has-background-dim-0 has-background-dim\"><\/span><div class=\"wp-block-cover__inner-container is-layout-flow wp-container-core-cover-is-layout-c59a5c92 wp-block-cover-is-layout-flow\">\n<figure class=\"wp-block-image aligncenter size-full\"><img decoding=\"async\" width=\"316\" height=\"247\" src=\"https:\/\/joseaz.pe\/sitios\/wp-content\/uploads\/2025\/09\/titulo.png\" alt=\"el principito titulo\" class=\"wp-image-25\" srcset=\"https:\/\/joseaz.pe\/sitios\/wp-content\/uploads\/2025\/09\/titulo.png 316w, https:\/\/joseaz.pe\/sitios\/wp-content\/uploads\/2025\/09\/titulo-300x234.png 300w\" sizes=\"(max-width: 316px) 100vw, 316px\" \/><\/figure>\n\n\n\n<div style=\"height:47px\" aria-hidden=\"true\" class=\"wp-block-spacer\"><\/div>\n\n\n\n<figure class=\"wp-block-image alignleft size-full is-resized\"><img decoding=\"async\" width=\"299\" height=\"122\" src=\"https:\/\/joseaz.pe\/sitios\/wp-content\/uploads\/2025\/09\/hola.png\" alt=\"\" class=\"wp-image-17\" style=\"width:202px;height:auto\"\/><\/figure>\n\n\n\n<div style=\"height:47px\" aria-hidden=\"true\" class=\"wp-block-spacer\"><\/div>\n\n\n\n<p style=\"border-style:none;border-width:0px;margin-top:0;margin-right:0;margin-bottom:0;margin-left:0;padding-right:0;padding-left:0\">En tus manos tienes un Bookigami<\/p>\n\n\n\n<p style=\"margin-right:0;margin-left:0;padding-right:0;padding-left:0\">Puedes convertir este libro en una escultura de papel siguiendo las instrucciones para doblar cada p\u00e1gina<\/p>\n\n\n\n<div style=\"height:48px\" aria-hidden=\"true\" class=\"wp-block-spacer\"><\/div>\n\n\n\n<figure class=\"wp-block-image aligncenter size-full\"><img loading=\"lazy\" decoding=\"async\" width=\"639\" height=\"158\" src=\"https:\/\/joseaz.pe\/sitios\/wp-content\/uploads\/2025\/09\/elefante.png\" alt=\"\" class=\"wp-image-11\" srcset=\"https:\/\/joseaz.pe\/sitios\/wp-content\/uploads\/2025\/09\/elefante.png 639w, https:\/\/joseaz.pe\/sitios\/wp-content\/uploads\/2025\/09\/elefante-300x74.png 300w, https:\/\/joseaz.pe\/sitios\/wp-content\/uploads\/2025\/09\/elefante-500x124.png 500w\" sizes=\"(max-width: 639px) 100vw, 639px\" \/><\/figure>\n\n\n\n<div style=\"height:48px\" aria-hidden=\"true\" class=\"wp-block-spacer\"><\/div>\n\n\n\n<div class=\"wp-block-columns is-layout-flex wp-container-core-columns-is-layout-28f84493 wp-block-columns-is-layout-flex\">\n<div class=\"wp-block-column is-layout-flow wp-block-column-is-layout-flow\">\n<div class=\"wp-block-cover\" style=\"min-height:368px;aspect-ratio:unset;\"><img loading=\"lazy\" decoding=\"async\" width=\"567\" height=\"434\" class=\"wp-block-cover__image-background wp-image-24 size-full\" alt=\"\" src=\"https:\/\/joseaz.pe\/sitios\/wp-content\/uploads\/2025\/09\/rojo.png\" data-object-fit=\"cover\" srcset=\"https:\/\/joseaz.pe\/sitios\/wp-content\/uploads\/2025\/09\/rojo.png 567w, https:\/\/joseaz.pe\/sitios\/wp-content\/uploads\/2025\/09\/rojo-300x230.png 300w, https:\/\/joseaz.pe\/sitios\/wp-content\/uploads\/2025\/09\/rojo-500x383.png 500w\" sizes=\"(max-width: 567px) 100vw, 567px\" \/><span aria-hidden=\"true\" class=\"wp-block-cover__background has-background-dim-0 has-background-dim\"><\/span><div class=\"wp-block-cover__inner-container has-global-padding is-layout-constrained wp-block-cover-is-layout-constrained\">\n<p style=\"border-style:none;border-width:0px;padding-right:var(--wp--preset--spacing--50);padding-left:var(--wp--preset--spacing--50)\">Usa las lineas punteadas para guiarte:<\/p>\n\n\n\n<ol class=\"wp-block-list has-large-font-size\">\n<li style=\"padding-right:0;padding-left:0\">Dobla el borde de la hoja <\/li>\n\n\n\n<li style=\"padding-right:0;padding-left:0\">Luego las dos orejas<\/li>\n<\/ol>\n<\/div><\/div>\n<\/div>\n\n\n\n<div class=\"wp-block-column is-layout-flow wp-block-column-is-layout-flow\">\n<figure class=\"wp-block-image\"><img decoding=\"async\" src=\"https:\/\/joseaz.pe\/bookigami\/principito\/img\/cuadrado.gif\" alt=\"Cuadrado animado\"\/><\/figure>\n<\/div>\n<\/div>\n<\/div><\/div>\n\n\n\n<div class=\"wp-block-cover alignwide is-light\" style=\"min-height:875px;aspect-ratio:unset;\"><img loading=\"lazy\" decoding=\"async\" width=\"1024\" height=\"630\" class=\"wp-block-cover__image-background wp-image-20 size-large\" alt=\"\" src=\"https:\/\/joseaz.pe\/sitios\/wp-content\/uploads\/2025\/09\/morado-1024x630.png\" style=\"object-position:51% 51%\" data-object-fit=\"cover\" data-object-position=\"51% 51%\" srcset=\"https:\/\/joseaz.pe\/sitios\/wp-content\/uploads\/2025\/09\/morado-1024x630.png 1024w, https:\/\/joseaz.pe\/sitios\/wp-content\/uploads\/2025\/09\/morado-300x185.png 300w, https:\/\/joseaz.pe\/sitios\/wp-content\/uploads\/2025\/09\/morado-768x472.png 768w, https:\/\/joseaz.pe\/sitios\/wp-content\/uploads\/2025\/09\/morado-500x308.png 500w, https:\/\/joseaz.pe\/sitios\/wp-content\/uploads\/2025\/09\/morado-800x492.png 800w, https:\/\/joseaz.pe\/sitios\/wp-content\/uploads\/2025\/09\/morado.png 1107w\" sizes=\"(max-width: 1024px) 100vw, 1024px\" \/><span aria-hidden=\"true\" class=\"wp-block-cover__background has-background-dim-0 has-background-dim\"><\/span><div class=\"wp-block-cover__inner-container has-global-padding is-layout-constrained wp-block-cover-is-layout-constrained\">\n<div style=\"height:14px\" aria-hidden=\"true\" class=\"wp-block-spacer\"><\/div>\n\n\n\n<figure class=\"wp-block-image alignleft size-full\" style=\"margin-right:var(--wp--preset--spacing--70);margin-left:var(--wp--preset--spacing--70)\"><img loading=\"lazy\" decoding=\"async\" width=\"813\" height=\"107\" src=\"https:\/\/joseaz.pe\/sitios\/wp-content\/uploads\/2025\/09\/hazlo.png\" alt=\"\" class=\"wp-image-16\" srcset=\"https:\/\/joseaz.pe\/sitios\/wp-content\/uploads\/2025\/09\/hazlo.png 813w, https:\/\/joseaz.pe\/sitios\/wp-content\/uploads\/2025\/09\/hazlo-300x39.png 300w, https:\/\/joseaz.pe\/sitios\/wp-content\/uploads\/2025\/09\/hazlo-768x101.png 768w, https:\/\/joseaz.pe\/sitios\/wp-content\/uploads\/2025\/09\/hazlo-500x66.png 500w, https:\/\/joseaz.pe\/sitios\/wp-content\/uploads\/2025\/09\/hazlo-800x105.png 800w\" sizes=\"(max-width: 813px) 100vw, 813px\" \/><\/figure>\n\n\n\n<div style=\"height:29px\" aria-hidden=\"true\" class=\"wp-block-spacer\"><\/div>\n\n\n<div class=\"wp-block-bunnycdn-block-stream-video alignwide\"><div style=\"position:relative;padding-top:56.25%;\" class=\"bunny-stream-video\"><iframe src=\"https:\/\/player.mediadelivery.net\/embed\/491407\/ba197541-f550-4a66-a592-1529ed8e0a0a?autoplay=false&#038;loop=false&#038;muted=false&#038;preload=false&#038;responsive=true\" loading=\"lazy\" style=\"border:0;position:absolute;top:0;height:100%;width:100%;\" allow=\"accelerometer;gyroscope;autoplay;encrypted-media;picture-in-picture;\" allowfullscreen=\"true\"><\/iframe><\/div><\/div><\/div><\/div>\n\n\n\n<div style=\"height:142px\" aria-hidden=\"true\" class=\"wp-block-spacer\"><\/div>\n\n\n\n<div class=\"wp-block-nk-awb nk-awb\" style=\"min-height:137px\"><div class=\"nk-awb-wrap-content has-global-padding is-content-justification-center is-layout-constrained wp-block-nk-awb-is-layout-constrained\">\n<figure class=\"wp-block-image alignleft size-full\"><img loading=\"lazy\" decoding=\"async\" width=\"536\" height=\"120\" src=\"https:\/\/joseaz.pe\/sitios\/wp-content\/uploads\/2025\/09\/esencial.png\" alt=\"\" class=\"wp-image-12\" srcset=\"https:\/\/joseaz.pe\/sitios\/wp-content\/uploads\/2025\/09\/esencial.png 536w, https:\/\/joseaz.pe\/sitios\/wp-content\/uploads\/2025\/09\/esencial-300x67.png 300w, https:\/\/joseaz.pe\/sitios\/wp-content\/uploads\/2025\/09\/esencial-500x112.png 500w\" sizes=\"(max-width: 536px) 100vw, 536px\" \/><\/figure>\n<\/div><\/div>\n\n\n\n<div style=\"height:142px\" aria-hidden=\"true\" class=\"wp-block-spacer\"><\/div>\n\n\n\n<div class=\"wp-block-cover alignwide is-light\"><img loading=\"lazy\" decoding=\"async\" width=\"884\" height=\"1024\" class=\"wp-block-cover__image-background wp-image-13 size-large\" alt=\"\" src=\"https:\/\/joseaz.pe\/sitios\/wp-content\/uploads\/2025\/09\/final-884x1024.png\" style=\"object-position:49% 7%\" data-object-fit=\"cover\" data-object-position=\"49% 7%\" srcset=\"https:\/\/joseaz.pe\/sitios\/wp-content\/uploads\/2025\/09\/final-884x1024.png 884w, https:\/\/joseaz.pe\/sitios\/wp-content\/uploads\/2025\/09\/final-259x300.png 259w, https:\/\/joseaz.pe\/sitios\/wp-content\/uploads\/2025\/09\/final-768x890.png 768w, https:\/\/joseaz.pe\/sitios\/wp-content\/uploads\/2025\/09\/final-500x579.png 500w, https:\/\/joseaz.pe\/sitios\/wp-content\/uploads\/2025\/09\/final-800x927.png 800w, https:\/\/joseaz.pe\/sitios\/wp-content\/uploads\/2025\/09\/final.png 1111w\" sizes=\"(max-width: 884px) 100vw, 884px\" \/><span aria-hidden=\"true\" class=\"wp-block-cover__background has-background-dim-0 has-background-dim\"><\/span><div class=\"wp-block-cover__inner-container has-global-padding is-layout-constrained wp-block-cover-is-layout-constrained\">\n<figure class=\"wp-block-image alignleft size-full is-resized\"><img loading=\"lazy\" decoding=\"async\" width=\"569\" height=\"126\" src=\"https:\/\/joseaz.pe\/sitios\/wp-content\/uploads\/2025\/09\/queda.png\" alt=\"\" class=\"wp-image-23\" style=\"width:560px;height:auto\" srcset=\"https:\/\/joseaz.pe\/sitios\/wp-content\/uploads\/2025\/09\/queda.png 569w, https:\/\/joseaz.pe\/sitios\/wp-content\/uploads\/2025\/09\/queda-300x66.png 300w, https:\/\/joseaz.pe\/sitios\/wp-content\/uploads\/2025\/09\/queda-500x111.png 500w\" sizes=\"(max-width: 569px) 100vw, 569px\" \/><\/figure>\n\n\n\n<div style=\"height:12px\" aria-hidden=\"true\" class=\"wp-block-spacer\"><\/div>\n\n\n\n<div class=\"wp-block-cb-carousel-v2 cb-carousel-block cb-single-slide\" data-cb-slides-per-view=\"1\" data-cb-slides-per-group=\"1\" data-cb-space-between=\"8\" data-cb-speed=\"300\" data-cb-navigation=\"true\" data-cb-pagination=\"true\" data-cb-breakpoints=\"{&quot;744&quot;:{&quot;slidesPerView&quot;:1,&quot;slidesPerGroup&quot;:1}}\"><div class=\"swiper\"><div class=\"cb-wrapper swiper-wrapper\">\n<div class=\"wp-block-cb-slide-v2 cb-slide swiper-slide\">\n<figure class=\"wp-block-image size-full has-custom-border\"><img loading=\"lazy\" decoding=\"async\" width=\"800\" height=\"534\" src=\"https:\/\/joseaz.pe\/sitios\/wp-content\/uploads\/2025\/10\/001_chico.jpeg\" alt=\"\" class=\"has-border-color has-base-border-color wp-image-86\" style=\"border-width:3px\" srcset=\"https:\/\/joseaz.pe\/sitios\/wp-content\/uploads\/2025\/10\/001_chico.jpeg 800w, https:\/\/joseaz.pe\/sitios\/wp-content\/uploads\/2025\/10\/001_chico-300x200.jpeg 300w, https:\/\/joseaz.pe\/sitios\/wp-content\/uploads\/2025\/10\/001_chico-768x513.jpeg 768w, https:\/\/joseaz.pe\/sitios\/wp-content\/uploads\/2025\/10\/001_chico-500x334.jpeg 500w\" sizes=\"(max-width: 800px) 100vw, 800px\" \/><\/figure>\n<\/div>\n\n\n\n<div class=\"wp-block-cb-slide-v2 cb-slide swiper-slide\">\n<figure class=\"wp-block-image size-full has-custom-border\"><img loading=\"lazy\" decoding=\"async\" width=\"800\" height=\"534\" src=\"https:\/\/joseaz.pe\/sitios\/wp-content\/uploads\/2025\/10\/002_chico.jpeg\" alt=\"\" class=\"has-border-color has-base-border-color wp-image-87\" style=\"border-width:3px\" srcset=\"https:\/\/joseaz.pe\/sitios\/wp-content\/uploads\/2025\/10\/002_chico.jpeg 800w, https:\/\/joseaz.pe\/sitios\/wp-content\/uploads\/2025\/10\/002_chico-300x200.jpeg 300w, https:\/\/joseaz.pe\/sitios\/wp-content\/uploads\/2025\/10\/002_chico-768x513.jpeg 768w, https:\/\/joseaz.pe\/sitios\/wp-content\/uploads\/2025\/10\/002_chico-500x334.jpeg 500w\" sizes=\"(max-width: 800px) 100vw, 800px\" \/><\/figure>\n<\/div>\n\n\n\n<div class=\"wp-block-cb-slide-v2 cb-slide swiper-slide\">\n<figure class=\"wp-block-image size-full has-custom-border\"><img loading=\"lazy\" decoding=\"async\" width=\"800\" height=\"534\" src=\"https:\/\/joseaz.pe\/sitios\/wp-content\/uploads\/2025\/10\/006_chico.jpeg\" alt=\"\" class=\"has-border-color has-base-border-color wp-image-88\" style=\"border-width:3px\" srcset=\"https:\/\/joseaz.pe\/sitios\/wp-content\/uploads\/2025\/10\/006_chico.jpeg 800w, https:\/\/joseaz.pe\/sitios\/wp-content\/uploads\/2025\/10\/006_chico-300x200.jpeg 300w, https:\/\/joseaz.pe\/sitios\/wp-content\/uploads\/2025\/10\/006_chico-768x513.jpeg 768w, https:\/\/joseaz.pe\/sitios\/wp-content\/uploads\/2025\/10\/006_chico-500x334.jpeg 500w\" sizes=\"(max-width: 800px) 100vw, 800px\" \/><\/figure>\n<\/div>\n<\/div><\/div><div class=\"cb-pagination swiper-pagination\"><\/div><div class=\"cb-button-prev swiper-button-prev\"><\/div><div class=\"cb-button-next swiper-button-next\"><\/div><\/div>\n\n\n\n<div style=\"height:14px\" aria-hidden=\"true\" class=\"wp-block-spacer\"><\/div>\n\n\n\n<div class=\"wp-block-columns alignwide is-layout-flex wp-container-core-columns-is-layout-28f84493 wp-block-columns-is-layout-flex\">\n<div class=\"wp-block-column is-layout-flow wp-block-column-is-layout-flow\" style=\"flex-basis:66.66%\">\n<figure class=\"wp-block-image alignleft size-full\" style=\"margin-right:var(--wp--preset--spacing--80);margin-left:var(--wp--preset--spacing--80)\"><img loading=\"lazy\" decoding=\"async\" width=\"408\" height=\"128\" src=\"https:\/\/joseaz.pe\/sitios\/wp-content\/uploads\/2025\/09\/ademas.png\" alt=\"\" class=\"wp-image-9\" srcset=\"https:\/\/joseaz.pe\/sitios\/wp-content\/uploads\/2025\/09\/ademas.png 408w, https:\/\/joseaz.pe\/sitios\/wp-content\/uploads\/2025\/09\/ademas-300x94.png 300w\" sizes=\"(max-width: 408px) 100vw, 408px\" \/><\/figure>\n<\/div>\n\n\n\n<div class=\"wp-block-column is-layout-flow wp-block-column-is-layout-flow\" style=\"flex-basis:33.33%\">\n<figure class=\"wp-block-image size-full\"><img loading=\"lazy\" decoding=\"async\" width=\"254\" height=\"260\" src=\"https:\/\/joseaz.pe\/sitios\/wp-content\/uploads\/2025\/09\/p_abierto-1.png\" alt=\"\" class=\"wp-image-43\"\/><\/figure>\n<\/div>\n<\/div>\n\n\n\n<p>Este bookigami cuenta con un list\u00f3n de cierre que te ayudar\u00e1 en todo el proceso<\/p>\n\n\n\n<div class=\"wp-block-columns is-layout-flex wp-container-core-columns-is-layout-28f84493 wp-block-columns-is-layout-flex\">\n<div class=\"wp-block-column is-layout-flow wp-block-column-is-layout-flow\">\n<ul class=\"wp-block-list\">\n<li>Cuando lo guardes para reforzar los dobleces.<\/li>\n<\/ul>\n<\/div>\n\n\n\n<div class=\"wp-block-column is-layout-flow wp-block-column-is-layout-flow\">\n<ul class=\"wp-block-list is-style-default\">\n<li>Sosteniendo las p\u00e1ginas mientras sigues con tu lectura y doblado.<\/li>\n<\/ul>\n<\/div>\n\n\n\n<div class=\"wp-block-column is-layout-flow wp-block-column-is-layout-flow\">\n<ul class=\"wp-block-list\">\n<li>Cuando termines tu escultura para poder exhibirla<\/li>\n<\/ul>\n<\/div>\n<\/div>\n\n\n\n<figure class=\"wp-block-image size-full\"><img loading=\"lazy\" decoding=\"async\" width=\"638\" height=\"166\" src=\"https:\/\/joseaz.pe\/sitios\/wp-content\/uploads\/2025\/09\/liston.png\" alt=\"\" class=\"wp-image-19\" srcset=\"https:\/\/joseaz.pe\/sitios\/wp-content\/uploads\/2025\/09\/liston.png 638w, https:\/\/joseaz.pe\/sitios\/wp-content\/uploads\/2025\/09\/liston-300x78.png 300w, https:\/\/joseaz.pe\/sitios\/wp-content\/uploads\/2025\/09\/liston-500x130.png 500w\" sizes=\"(max-width: 638px) 100vw, 638px\" \/><\/figure>\n\n\n\n<div style=\"height:161px\" aria-hidden=\"true\" class=\"wp-block-spacer\"><\/div>\n<\/div><\/div>\n\n\n\n<div style=\"height:100px\" aria-hidden=\"true\" class=\"wp-block-spacer\"><\/div>\n\n\n\n<figure class=\"wp-block-image aligncenter size-full is-resized\"><img loading=\"lazy\" decoding=\"async\" width=\"215\" height=\"111\" src=\"https:\/\/joseaz.pe\/sitios\/wp-content\/uploads\/2025\/09\/junior.png\" alt=\"\" class=\"wp-image-18\" style=\"width:300px;height:auto\"\/><\/figure>\n\n\n\n<div style=\"height:128px\" aria-hidden=\"true\" class=\"wp-block-spacer\"><\/div>\n\n\n\n<div class=\"wp-block-cover aligncenter is-light\" style=\"min-height:308px;aspect-ratio:unset;\"><img loading=\"lazy\" decoding=\"async\" width=\"638\" height=\"281\" class=\"wp-block-cover__image-background wp-image-75 size-full\" alt=\"\" src=\"https:\/\/joseaz.pe\/sitios\/wp-content\/uploads\/2025\/09\/bookgami_principito_arbio_44.png\" data-object-fit=\"cover\" srcset=\"https:\/\/joseaz.pe\/sitios\/wp-content\/uploads\/2025\/09\/bookgami_principito_arbio_44.png 638w, https:\/\/joseaz.pe\/sitios\/wp-content\/uploads\/2025\/09\/bookgami_principito_arbio_44-300x132.png 300w, https:\/\/joseaz.pe\/sitios\/wp-content\/uploads\/2025\/09\/bookgami_principito_arbio_44-500x220.png 500w\" sizes=\"(max-width: 638px) 100vw, 638px\" \/><span aria-hidden=\"true\" class=\"wp-block-cover__background has-background-dim-0 has-background-dim\"><\/span><div class=\"wp-block-cover__inner-container has-global-padding is-layout-constrained wp-block-cover-is-layout-constrained\">\n<div class=\"wp-block-columns is-layout-flex wp-container-core-columns-is-layout-28f84493 wp-block-columns-is-layout-flex\">\n<div class=\"wp-block-column is-layout-flow wp-block-column-is-layout-flow\" style=\"flex-basis:33.33%\">\n<figure class=\"wp-block-image size-full\"><img loading=\"lazy\" decoding=\"async\" width=\"210\" height=\"210\" src=\"https:\/\/joseaz.pe\/sitios\/wp-content\/uploads\/2025\/09\/fores_box.png\" alt=\"\" class=\"wp-image-76\" srcset=\"https:\/\/joseaz.pe\/sitios\/wp-content\/uploads\/2025\/09\/fores_box.png 210w, https:\/\/joseaz.pe\/sitios\/wp-content\/uploads\/2025\/09\/fores_box-150x150.png 150w\" sizes=\"(max-width: 210px) 100vw, 210px\" \/><\/figure>\n<\/div>\n\n\n\n<div class=\"wp-block-column is-layout-flow wp-block-column-is-layout-flow\" style=\"flex-basis:66.66%\">\n<p class=\"has-medium-font-size\">En Bookigami amamos los libros<br>y por eso protegemos los \u00e1rboles.<br><br>Por eso cada vez que compras un Bookigami ayudas a la <a href=\"https:\/\/www.arbioperu.org\/tus-hectareas\/5ba10639f91f433cc3e46dab2e1b6244\/\">ONG ARBIO<\/a> a preservar un rinc\u00f3n del bosque amaz\u00f3nico junto al r\u00edo.<\/p>\n<\/div>\n<\/div>\n<\/div><\/div>\n","protected":false},"excerpt":{"rendered":"","protected":false},"author":1,"featured_media":26,"parent":0,"menu_order":0,"comment_status":"closed","ping_status":"closed","template":"","meta":{"footnotes":""},"class_list":["post-32","page","type-page","status-publish","has-post-thumbnail","hentry"],"_links":{"self":[{"href":"https:\/\/joseaz.pe\/sitios\/wp-json\/wp\/v2\/pages\/32","targetHints":{"allow":["GET"]}}],"collection":[{"href":"https:\/\/joseaz.pe\/sitios\/wp-json\/wp\/v2\/pages"}],"about":[{"href":"https:\/\/joseaz.pe\/sitios\/wp-json\/wp\/v2\/types\/page"}],"author":[{"embeddable":true,"href":"https:\/\/joseaz.pe\/sitios\/wp-json\/wp\/v2\/users\/1"}],"replies":[{"embeddable":true,"href":"https:\/\/joseaz.pe\/sitios\/wp-json\/wp\/v2\/comments?post=32"}],"version-history":[{"count":23,"href":"https:\/\/joseaz.pe\/sitios\/wp-json\/wp\/v2\/pages\/32\/revisions"}],"predecessor-version":[{"id":94,"href":"https:\/\/joseaz.pe\/sitios\/wp-json\/wp\/v2\/pages\/32\/revisions\/94"}],"wp:featuredmedia":[{"embeddable":true,"href":"https:\/\/joseaz.pe\/sitios\/wp-json\/wp\/v2\/media\/26"}],"wp:attachment":[{"href":"https:\/\/joseaz.pe\/sitios\/wp-json\/wp\/v2\/media?parent=32"}],"curies":[{"name":"wp","href":"https:\/\/api.w.org\/{rel}","templated":true}]}}